 - 6*c. What is the greatest common factor of c and 187?
17
Let y be (5 - -252)/(8*(-2)/(-112)). What is the greatest common factor of y and 7?
7
Suppose 0 = -8*r + 287 + 1105. Let s = r - 120. Calculate the greatest common factor of 18 and s.
18
Suppose 3*u - 4 = 5. Suppose u*l = l - 34. Let b = 31 + l. Calculate the highest common factor of 14 and b.
14
Let w = 813 - 788. Calculate the greatest common factor of w and 800.
25
Suppose 171 - 149 = 11*v. Let a = -9 + 31. What is the greatest common divisor of v and a?
2
Suppose -2*n + 3*a + 49 = 0, -3*n - 2*a = -7*a - 71. What is the highest common factor of 144 and n?
16
Let g(t) = -2*t**2 - 13*t + 11. Let o be g(-7). Let v be 3384/22 + 1 + o/22. What is the greatest common factor of 31 and v?
31
Let x = -37 + 73. Let g = -3 - -17. Let l = -5 + g. What is the greatest common factor of x and l?
9
Suppose -17 = u - 62. What is the highest common divisor of 9 and u?
9
Suppose 0 = 2*g, 408 = 3*l + g - 2*g. Let y(r) = 10 + r + 6*r - 3*r - 3*r. Let n be y(7). What is the greatest common divisor of n and l?
17
Let y be 16/(-32)*2*1. Let o be 1/(-2)*-38 + y. Calculate the greatest common factor of o and 162.
18
Let d = -35 + 27. Let o(w) = -6*w - 8. Let p be o(d). What is the greatest common divisor of 5 and p?
5
Let t be (14/8)/(1/4). Suppose -2*o = -5*i + 292, 5*i = -105*o + 101*o + 256. What is the highest common factor of t and i?
7
Let f be 24/(-21)*(-84)/48. What is the greatest common factor of 99 and f?
1
Let u(s) = 13*s - 114. Let x be u(10). What is the greatest common divisor of 168 and x?
8
Let x be (-3 - 18/3) + 1. Let f be (20/x)/5*-432. Suppose -2*o + f = 2*o. What is the greatest common divisor of o and 6?
6
Suppose -5 = -j + 4*x, -2*x = -j + 3*x. Suppose -658*n + 5 = -657*n. Calculate the highest common factor of n and j.
5
Suppose -4*v = -k - 67, 75 = 4*v - 4*k - 1. Calculate the highest common divisor of v and 328.
8
Let b = -119 + 217. Let u = 114 - b. Calculate the greatest common divisor of u and 64.
16
Let s be 498/38 - -10*8/(-760). Calculate the highest common factor of s and 2327.
13
Suppose 0 = -2100*j + 2104*j - 32. Suppose 2*t = 2*r - 176, -4*t = -3*r + t + 264. What is the greatest common factor of j and r?
8
Let u(i) = -2*i + 1. Let g be u(-2). Suppose -17 = -g*k + 23. Suppose 0 = -3*b - 4*b + 224. Calculate the greatest common factor of b and k.
8
Let d(m) = 4*m**2 + 6*m - 2. Suppose -6*a - 14 - 10 = 0. Let v be d(a). What is the highest common factor of v and 19?
19
Suppose 0 = -12*x + 15*x - 540. Calculate the highest common divisor of 20 and x.
20
Let m = -40 - -38. Let p be (-6)/m*(-60)/(-9). Calculate the highest common divisor of 140 and p.
20
Suppose 0 = 5*s - 26 - 9. Suppose 2*u = -0*u + 30. Let l = 50 - u. Calculate the highest common factor of l and s.
7
Let n be (-2)/12 - (-13)/78. Suppose n = -5*f + 15, -f - 111 = -3*m + 231. Calculate the greatest common factor of m and 46.
23
Let b be (-10)/35 - (-751)/7. Suppose n + 2*i = b, 4*n - n - 3*i = 366. Calculate the highest common factor of 13 and n.
13
Let j be 3/(-2)*((-180)/9 - -10). Suppose 3*w = -w + 420. Calculate the highest common factor of j and w.
15
Suppose -4*j + 99 = 19. Let b(t) = -t - 7. Let p = 13 - 28. Let x be b(p). Calculate the greatest common divisor of x and j.
4
Let w be (5 - (-48)/(-9))/((-2)/30). Calculate the greatest common factor of w and 205.
5
Suppose -636 = -34*m - 19*m. Calculate the highest common factor of 1956 and m.
12
Suppose -105 = -5*a + 3*t + 88, -72 = -2*a - 4*t. Calculate the highest common factor of a and 19.
19
Let r = -1 + 3. Suppose -12*q - 87 = -123. Suppose 2*c = -r*c - 3*m + 45, q*c - 4*m - 40 = 0. What is the greatest common factor of 36 and c?
12
Suppose 50 = a + a - 2*i, 2*a = 4*i + 60. What is the highest common factor of a and 44?
4
Let r be (-28)/49*-1 + 1672/14. Suppose 4*f - 46 = 74. Calculate the greatest common divisor of r and f.
30
Let o = -19 + 31. Suppose -g + 4*i = -10, 0*g - 3*i = -3*g + o. Suppose u - 13 - g = 0. What is the highest common factor of u and 15?
15
Let l = -62 - -110. Suppose -6*t + 4*b + 92 = -4*t, -97 = -2*t + 5*b. Let c = t - 4. What is the greatest common factor of l and c?
16
Let h = 183 - 128. Let r be 10/h - 4/22. Let j = 6 - r. Calculate the highest common factor of 48 and j.
6
Suppose 46*q - 51*q + 550 = 0. What is the greatest common divisor of q and 66?
22
Let v be (-3)/(1 - 4) + -13. Let w(s) = s**2 + 10*s + 16. Let r be w(v). Suppose -p + 1 = -0*p, g - 18 = 2*p. What is the highest common divisor of g and r?
20
Suppose 3*a = -h + 192, 2*a + 2*h - 134 = -2. Suppose -a + 279 = 6*y. Calculate the highest common divisor of y and 9.
9
Let v(h) = h**2 - 3*h - 2. Let c be (1 - 0/(-4))*1*8. Let k be v(c). Calculate the greatest common divisor of 114 and k.
38
Let a be 4986/27 + 11 - 2/3. What is the highest common factor of 117 and a?
39
Suppose 160 = 4*b - 0*b. Let u(g) = 6*g**2 + 3*g + 2. Let y be u(-2). Let a be ((-16)/y)/(2/(-250)). What is the greatest common divisor of a and b?
20
Suppose 29 + 35 = 2*i + 2*h, -4*h = -4*i + 112. Suppose -4*w = -2*r + 124, -2*r - 13*w + 9*w + 116 = 0. Calculate the greatest common divisor of i and r.
30
Suppose -5*d + 362 = -3*y + 4*y, 2*d - 161 = 5*y. Suppose g = 3*z - d, 2*z - 48 = -2*g + 14. Let c = 48 + -9. Calculate the highest common divisor of z and c.
13
Let x(f) = 4*f + 37. Let q be x(-9). Suppose -2*a - 5*k = -0*k + 3, -4*a - 2*k - 14 = 0. Let l be 7*(a/(-7))/q. What is the highest common divisor of 36 and l?
4
Let o be 2/(-3)*(695/10 + 1). Let l = -37 - o. Calculate the greatest common factor of 110 and l.
10
Suppose 4*s - 194 = -50. Suppose -2*o = -0*o - s. Calculate the greatest common divisor of 126 and o.
18
Let n be 1 - 1 - (-11 + -3 + 12). Let t = 2 + 20. What is the greatest common factor of n and t?
2
Let y(k) be the second derivative of -k**5/20 + 11*k**4/12 + 7*k**3/3 - 2*k**2 - 27*k. Let l be y(12). Calculate the greatest common divisor of 8 and l.
4
Let k = -4697 + 7868. What is the greatest common factor of 21 and k?
21
Suppose -5 = 2*q - 3*q. Suppose q*h = 4*y + 400, h + 2*y = 4*h - 240. Let l be 64/2 + (2 - 2). Calculate the greatest common factor of h and l.
16
Let b(u) = -u**2 - 2*u + 7. Let l be b(5). Let n = -16 - l. Let q(h) = -37*h + 34. Let v be q(-2). Calculate the highest common factor of n and v.
12
Suppose 0*d - 40 = -2*d - 4*a, 0 = -a. Suppose 400 = 7*i - 2*i. Calculate the highest common divisor of i and d.
20
Suppose -20 = -4*u, 0*z - 256 = -3*z + 4*u. Calculate the greatest common divisor of 1012 and z.
92
Let a(l) = -6*l**2 + 17*l - 22. Let y(j) = -5*j**2 + 18*j - 22. Let n(b) = 4*a(b) - 5*y(b). Let u be n(21). What is the greatest common divisor of 1 and u?
1
Let q be 3*(-6)/9 - -6. Suppose -8*j = -q*j - 16. Calculate the highest common factor of 10 and j.
2
Let s be 2056 - (0/1)/(0 + -3). Suppose 6*h + 670 = s. What is the greatest common factor of h and 33?
33
Suppose -3*z - 37 = -4*z + 3*r, 4*z = -r + 109. What is the highest common divisor of z and 70?
14
Let c be (200/32)/((-2)/16). Let b = 103 - c. Calculate the highest common divisor of b and 17.
17
Suppose -4*w + 54 = -3*b, -4*w + 4*b = -0*b - 56. Suppose -q + 948 = 840. What is the highest common divisor of q and w?
12
Let n(m) = 421*m**2 + 6*m + 4. Let j(w) = -631*w**2 - 9*w - 6. Let s(t) = -5*j(t) - 7*n(t). Let q be s(-1). Calculate the greatest common divisor of 23 and q.
23
Let y be ((-28)/(-8) + -4)*(-17490)/15. Calculate the highest common divisor of y and 22.
11
Let m be (65/(-30))/13 + 14/12. Let b be -4 + 4 - (-41 + m). Calculate the highest common divisor of b and 5.
5
Suppose -540 - 2610 = -45*q. What is the greatest common divisor of q and 2310?
70
Suppose 0 = -4*m + f + 464, m = -61*f + 66*f + 116. Let p be (-1226)/(-9) + (-8)/36. Suppose 3*j = p - 49. Calculate the highest common factor of j and m.
29
Suppose -5*o = 5*c + 35, 0*o - 16 = -2*c + 4*o. Let a be (-20)/8*c/5. Suppose 0 = -3*k + 8*k - 5. Calculate the highest common divisor of a and k.
1
Suppose 0 = 4*y + 44 - 112. What is the highest common factor of 17 and y?
17
Let a be 1 + 7/4 + 2/8. Calculate the greatest common factor of a and 42.
3
Let b(d) = 55*d + 95. Let v be b(4). What is the highest common divisor of 